3526
What is -33005311 (base 7) in base 13?
-77c080
What is 33043120 (base 5) in base 7?
2262312
What is -10011010100011010100100 (base 2) in base 15?
-6a083b
Convert 168f6 (base 16) to base 7.
533256
-2a10d (base 14) to base 2
-11001100000100001
Convert 115d9c (base 15) to base 12.
340363
What is -115290 (base 12) in base 10?
-278604
Convert -5222 (base 14) to base 15.
-42cc
What is -3859954 (base 11) in base 8?
-31411217
Convert -23130003 (base 4) to base 5.
-2444401
What is -12662435 (base 8) in base 16?
-2b651d
20101022022012 (base 3) to base 12
1176835
Convert 5b7a302 (base 12) to base 16.
1101032
Convert -47a10 (base 11) to base 5.
-4202402
43e2ed (base 15) to base 10
3237298
What is 838677 (base 12) in base 7?
23401054
What is -100001011100010001100 (base 2) in base 7?
-12212545
What is 110001312020 (base 4) in base 3?
100212202020202
134869 (base 12) to base 6
10501413
Convert -83c58 (base 14) to base 13.
-b197a
-37da6 (base 16) to base 9
-377733
Convert 185ab1 (base 13) to base 4.
2111203320
What is -100101111011011111 (base 2) in base 9?
-256101
What is 334688 (base 11) in base 4?
2002023212
Convert 18c17 (base 13) to base 3.
2110002122
2efbe (base 16) to base 10
192446
Convert -10150343 (base 6) to base 4.
-1013312313
Convert 223512200 (base 6) to base 11.
2350228
Convert 30a9905 (base 11) to base 2.
10100111000011101110110
-6146516 (base 8) to base 7
-16546561
What is -43280 (base 13) in base 5?
-12340102
-9aa76 (base 11) to base 7
-1146512
Convert 5085a (base 14) to base 6.
4052520
-42751 (base 8) to base 3
-220112212
What is 157053 (base 10) in base 2?
100110010101111101
Convert -10c933 (base 14) to base 2.
-10001011110010010001
Convert -10531047 (base 8) to base 11.
-13133aa
Convert -24405062 (base 7) to base 5.
-1024433134
What is 1020111210220 (base 3) in base 9?
1214726
What is 2767205 (base 8) in base 15?
106a57
Convert 192ec (base 16) to base 5.
11300043
11111011111011001 (base 2) to base 10
128985
What is -20041165 (base 8) in base 11?
-2417030
Convert 34111363 (base 7) to base 8.
13227110
Convert -1111001000011101 (base 2) to base 12.
-2ba51
What is -2500530 (base 6) in base 5?
-13214030
Convert -2ca7b30 (base 13) to base 9.
-30105516
Convert -10011011101100111000 (base 2) to base 10.
-637752
What is -1376211 (base 8) in base 16?
-5fc89
1517 (base 15) to base 14
1910
Convert 5305435 (base 8) to base 7.
15000144
What is -12302705 (base 8) in base 15?
-38b44b
What is -14314331002 (base 5) in base 3?
-1022120022200011
What is 538473 (base 9) in base 3?
121022112110
-780a47 (base 13) to base 6
-140350320
What is -3668326 (base 9) in base 11?
-1142202
114103 (base 9) to base 3
10111010010
-100110111000011111100 (base 2) to base 3
-2101201202012
What is -1100110001010101 (base 2) in base 4?
-30301111
Convert -14418a (base 11) to base 6.
-4454222
What is -1998d (base 14) in base 5?
-4040001
What is -106bb64 (base 14) in base 10?
-7792460
What is 640260 (base 7) in base 2?
11010111111111010
What is -1364305 (base 12) in base 3?
-21021022202012
What is -553c0 (base 13) in base 8?
-455525
-231036 (base 8) to base 16
-1321e
What is 441e0 (base 15) in base 4?
310311303
3756b (base 12) to base 16
12563
22201220202100 (base 3) to base 9
8656670
98a06 (base 12) to base 2
110001010010100110
What is 18bba7 (base 13) in base 10?
625944
Convert -12423243 (base 5) to base 12.
-5b619
Convert 231344 (base 7) to base 2.
1010000101111011
What is -10d913 (base 16) in base 7?
-12246042
What is 292298 (base 10) in base 14?
78746
What is -2212122102221 (base 3) in base 10?
-1528306
18327414 (base 9) to base 7
141312136
What is 2133041404 (base 5) in base 6?
242103354
What is 14015126 (base 8) in base 7?
35536606
Convert -8063472 (base 9) to base 12.
-1530792
What is -108d8e (base 15) in base 6?
-24530442
Convert 257a660 (base 11) to base 3.
22101211210010
What is -1d6d062 (base 14) in base 7?
-236456152
What is 475d1 (base 14) in base 8?
523723
Convert 126b2 (base 13) to base 2.
1000010101000010
Convert 1672cc (base 13) to base 6.
15545504
Convert -231302233 (base 4) to base 9.
-315257
Convert 8d73 (base 16) to base 2.
1000110101110011
-20313311003 (base 4) to base 8
-10676503
Convert -1f9c1f (base 16) to base 6.
-112222355
What is 24a4ab (base 14) in base 6?
42542343
Convert -2742624 (base 8) to base 2.
-10111100010110010100
What is 1000001101100101101 (base 2) in base 9?
450121
Convert -23030300 (base 6) to base 5.
-140010321
3220210 (base 5) to base 8
152236
What is -100111101011100100 (base 2) in base 9?
-266851
Convert 1003322020133 (base 4) to base 14.
2515743
What is e536 (base 15) in base 14?
13910
What is -1331998 (base 10) in base 15?
-1b49ed
2354345 (base 10) to base 9
4377488
236053 (base 12) to base 7
4563456
Convert ba9b2a (base 12) to base 9.
5513587
3331113 (base 5) to base 12
2988b
Convert -244130025 (base 6) to base 12.
-1696915
What is -40a61 (base 14) in base 12?
-76139
310314401 (base 5) to base 8
4636071
What is -1fb81 (base 16) in base 15?
-28766
What is d38a21 (base 15) in base 14?
14998d9
What is -3a772 (base 12) in base 11?
-555a7
Convert 141a32 (base 11) to base 15.
45c7b
What is 32726 (base 16) in base 4?
302130212
What is -588126 (base 11) in base 15?
-136770
Convert 182511 (base 12) to base 8.
1462135
Convert 11212002100 (base 3) to base 10.
95562
What is -6cb526 (base 14) in base 6?
-211414114
Convert 1021111221 (base 3) to base 7.
133234
What is -ae417 (base 16) in base 10?
-713751
-20505 (base 14) to base 16
-12ff9
What is -340443441 (base 6) in base 9?
-12582807
What is 323424442 (base 5) in base 2?
101010011001100111100
What is -a51111 (base 11) in base 7?
-20216026
Convert -57458e (base 15) to base 5.
-2031303014
-20102120021 (base 3) to base 12
-61281
104322143 (base 6) to base 2
111001110000100101111
-20001002210 (base 3) to base 10
-118902
338498 (base 16) to base 6
200210532
Convert -859df (base 16) to base 8.
-2054737
What is 2022202221201 (base 3) in base 10?
1235620
-242424 (base 11) to base 16
-5db5e
Convert -100120200 (base 5) to base 14.
-a3d7c
Convert -9c7ef (base 16) to base 9.
-1176260
-311123012 (base 4) to base 10
-218822
-10010010000101110101000 (base 2) to base 3
-100000012200110
-364d0c (base 15) to base 12
-a537a0
Convert 387a2 (base 14) to base 3.
21001021120
What is -134434225 (base 6) in base 9?
-5138268
What is -113001012 (base 4) in base 5?
-11004103
52034435 (base 6) to base 2
101101101101100110111
What is 35738 (base 11) in base 5?
3121331
What is 8233a (base 15) in base 8?
1445500
Convert 5450 (base 9) to base 15.
12c9
Convert -1052265 (base 7) to base 14.
-357a5
Convert -3143624 (base 8) to base 15.
-11824e
16a60 (base 15) to base 16
11dff
What is -276b241 (base 12) in base 7?
-123534214
-cea0a (base 15) to base 16
-a0672
120202002022 (base 3) to base 14
80d0b
What is -90a20a (base 12) in base 7?
-25120240
Convert 2620416 (base 10) to base 8.
11776000
What is 2578a (base 13) in base 5?
4210104
-320776 (base 9) to base 12
-92589
4729 (base 10) to base 2
1001001111001
Convert 610133 (base 10) to base 13.
184934
What is 8a55b4 (base 12) in base 10?
2207512
-15302 (base 9) to base 6
-120215
What is 327e4 (base 15) in base 12?
789ba
Convert 3d04b (base 14) to base 5.
14312422
-104122161 (base 7) to base 12
-21194a0
-3e418 (base 16) to base 10
-255000
29c292 (base 13) to base 9
1834026
Convert 7d66 (base 14) to base 8.
52526
What is 126366 (base 9) in base 14?
20012
What is -1527695 (base 10) in base 11?
-953864
Convert -1111501222 (base 6) to base 4.
-232033233032
-1210133200 (base 5) to base 3
-12022011110121
Convert 13001120 (base 6) to base 12.
1831a0
Convert 35238 (base 13) to base 12.
481b9
Convert -10101101001100111110010 (base 2) to base 3.
-101200100022221
What is -4135817 (base 9) in base 3?
-11011012220121
Convert -1033424 (base 8) to base 14.
-7295a
Convert 154176 (base 9) to base 14.
26840
-213a455 (base 12) to base 2
-11000000010010100000001
What is 6252561 (base 11) in base 14?
1670d4b
479113 (base 13) to base 10
1705057
-2552012 (base 6) to base 8
-417550
Convert 1333b (base 15) to base 14.
18597
Convert -21012102122 (base 3) to base 2.
-100010100110101100
Convert -1247745 (base 8) to base 3.
-122200112211
Convert 7a9780 (base 11) to base 14.
256c9b
124400425 (base 6) to 